{"id":27791,"date":"2018-01-25T11:37:03","date_gmt":"2018-01-25T10:37:03","guid":{"rendered":"http:\/\/zupnija-lendava.si\/fotogaleria-karacsonyi-hangverseny-2017\/"},"modified":"2018-01-25T11:37:03","modified_gmt":"2018-01-25T10:37:03","slug":"fotogaleria-karacsonyi-hangverseny-2017","status":"publish","type":"page","link":"https:\/\/zupnija-lendava.si\/hu\/fotogaleria-karacsonyi-hangverseny-2017\/","title":{"rendered":"FOT\u00d3GAL\u00c9RIA: Kar\u00e1csonyi hangverseny 2017"},"content":{"rendered":"<p>F\u00e9nyk\u00e9palbum c\u00edme: <strong>Kar\u00e1csonyi hangverseny<\/strong><br \/>\n D\u00e1tum: <strong>2017. december 26-\u00e1n<\/strong><\/p>\n<p>A lendvai pl\u00e9b\u00e1niatemplomban a MINUTIAE egy\u00fcttes adott KAR\u00c1CSONYI HANGVERSENYT. A Minutiae a Musica \u00e9nekiskola egy\u00fcttese, amelynek Robert Fegu\u0161 a m\u0171v\u00e9szeti vezet\u0151je, tagjai pedig Szlov\u00e9nia k\u00fcl\u00f6nb\u00f6z\u0151 vid\u00e9keir\u0151l sz\u00e1rmaznak. A koncerten fell\u00e9pett az ANIMA lendvai pl\u00e9b\u00e1niai k\u00f3rus is.<\/p>\n<div id=\"tabela2\">\n<table style=\"width: 98%; background-color: #f7d9b7;\" border=\"0\">\n<tbody>\n<tr>\n<td style=\"text-align: center;\"><span style=\"font-family: verdana,geneva; font-size: 11px;\">A megny\u00edtott k\u00e9pek k\u00f6z\u00f6tt el\u0151re \u00e9s h\u00e1tra a <strong>billenty\u0171zettel is mozoghatunk<\/strong> (bal \u00e9s jobb oldali ny\u00edlak)<\/span><\/td>\n<\/tr>\n<\/tbody>\n<\/table>\n<\/div>\n<div id='gallery-1' class='gallery galleryid-27791 gallery-columns-5 gallery-size-thumbnail'><dl class='gallery-item'>\n\t\t\t<dt class='gallery-icon landscape'>\n\t\t\t\t<a href='https:\/\/zupnija-lendava.si\/wp-content\/uploads\/2018\/01\/20171226_bozicni_koncert_01.jpg'><img loading=\"lazy\" decoding=\"async\" width=\"120\" height=\"120\" src=\"https:\/\/zupnija-lendava.si\/wp-content\/uploads\/2018\/01\/20171226_bozicni_koncert_01-120x120.jpg\" class=\"attachment-thumbnail size-thumbnail\" alt=\"\" \/><\/a>\n\t\t\t<\/dt><\/dl><dl class='gallery-item'>\n\t\t\t<dt class='gallery-icon landscape'>\n\t\t\t\t<a href='https:\/\/zupnija-lendava.si\/wp-content\/uploads\/2018\/01\/20171226_bozicni_koncert_02.jpg'><img loading=\"lazy\" decoding=\"async\" width=\"120\" height=\"120\" src=\"https:\/\/zupnija-lendava.si\/wp-content\/uploads\/2018\/01\/20171226_bozicni_koncert_02-120x120.jpg\" class=\"attachment-thumbnail size-thumbnail\" alt=\"\" \/><\/a>\n\t\t\t<\/dt><\/dl><dl class='gallery-item'>\n\t\t\t<dt class='gallery-icon landscape'>\n\t\t\t\t<a href='https:\/\/zupnija-lendava.si\/wp-content\/uploads\/2018\/01\/20171226_bozicni_koncert_03.jpg'><img loading=\"lazy\" decoding=\"async\" width=\"120\" height=\"120\" src=\"https:\/\/zupnija-lendava.si\/wp-content\/uploads\/2018\/01\/20171226_bozicni_koncert_03-120x120.jpg\" class=\"attachment-thumbnail size-thumbnail\" alt=\"\" \/><\/a>\n\t\t\t<\/dt><\/dl><dl class='gallery-item'>\n\t\t\t<dt class='gallery-icon landscape'>\n\t\t\t\t<a href='https:\/\/zupnija-lendava.si\/wp-content\/uploads\/2018\/01\/20171226_bozicni_koncert_04.jpg'><img loading=\"lazy\" decoding=\"async\" width=\"120\" height=\"120\" src=\"https:\/\/zupnija-lendava.si\/wp-content\/uploads\/2018\/01\/20171226_bozicni_koncert_04-120x120.jpg\" class=\"attachment-thumbnail size-thumbnail\" alt=\"\" \/><\/a>\n\t\t\t<\/dt><\/dl><dl class='gallery-item'>\n\t\t\t<dt class='gallery-icon landscape'>\n\t\t\t\t<a href='https:\/\/zupnija-lendava.si\/wp-content\/uploads\/2018\/01\/20171226_bozicni_koncert_05.jpg'><img loading=\"lazy\" decoding=\"async\" width=\"120\" height=\"120\" src=\"https:\/\/zupnija-lendava.si\/wp-content\/uploads\/2018\/01\/20171226_bozicni_koncert_05-120x120.jpg\" class=\"attachment-thumbnail size-thumbnail\" alt=\"\" \/><\/a>\n\t\t\t<\/dt><\/dl><br style=\"clear: both\" \/><dl class='gallery-item'>\n\t\t\t<dt class='gallery-icon landscape'>\n\t\t\t\t<a href='https:\/\/zupnija-lendava.si\/wp-content\/uploads\/2018\/01\/20171226_bozicni_koncert_06.jpg'><img loading=\"lazy\" decoding=\"async\" width=\"120\" height=\"120\" src=\"https:\/\/zupnija-lendava.si\/wp-content\/uploads\/2018\/01\/20171226_bozicni_koncert_06-120x120.jpg\" class=\"attachment-thumbnail size-thumbnail\" alt=\"\" \/><\/a>\n\t\t\t<\/dt><\/dl><dl class='gallery-item'>\n\t\t\t<dt class='gallery-icon landscape'>\n\t\t\t\t<a href='https:\/\/zupnija-lendava.si\/wp-content\/uploads\/2018\/01\/20171226_bozicni_koncert_07.jpg'><img loading=\"lazy\" decoding=\"async\" width=\"120\" height=\"120\" src=\"https:\/\/zupnija-lendava.si\/wp-content\/uploads\/2018\/01\/20171226_bozicni_koncert_07-120x120.jpg\" class=\"attachment-thumbnail size-thumbnail\" alt=\"\" \/><\/a>\n\t\t\t<\/dt><\/dl><dl class='gallery-item'>\n\t\t\t<dt class='gallery-icon landscape'>\n\t\t\t\t<a href='https:\/\/zupnija-lendava.si\/wp-content\/uploads\/2018\/01\/20171226_bozicni_koncert_08.jpg'><img loading=\"lazy\" decoding=\"async\" width=\"120\" height=\"120\" src=\"https:\/\/zupnija-lendava.si\/wp-content\/uploads\/2018\/01\/20171226_bozicni_koncert_08-120x120.jpg\" class=\"attachment-thumbnail size-thumbnail\" alt=\"\" \/><\/a>\n\t\t\t<\/dt><\/dl><dl class='gallery-item'>\n\t\t\t<dt class='gallery-icon landscape'>\n\t\t\t\t<a href='https:\/\/zupnija-lendava.si\/wp-content\/uploads\/2018\/01\/20171226_bozicni_koncert_09.jpg'><img loading=\"lazy\" decoding=\"async\" width=\"120\" height=\"120\" src=\"https:\/\/zupnija-lendava.si\/wp-content\/uploads\/2018\/01\/20171226_bozicni_koncert_09-120x120.jpg\" class=\"attachment-thumbnail size-thumbnail\" alt=\"\" \/><\/a>\n\t\t\t<\/dt><\/dl><dl class='gallery-item'>\n\t\t\t<dt class='gallery-icon landscape'>\n\t\t\t\t<a href='https:\/\/zupnija-lendava.si\/wp-content\/uploads\/2018\/01\/20171226_bozicni_koncert_10.jpg'><img loading=\"lazy\" decoding=\"async\" width=\"120\" height=\"120\" src=\"https:\/\/zupnija-lendava.si\/wp-content\/uploads\/2018\/01\/20171226_bozicni_koncert_10-120x120.jpg\" class=\"attachment-thumbnail size-thumbnail\" alt=\"\" \/><\/a>\n\t\t\t<\/dt><\/dl><br style=\"clear: both\" \/><dl class='gallery-item'>\n\t\t\t<dt class='gallery-icon landscape'>\n\t\t\t\t<a href='https:\/\/zupnija-lendava.si\/wp-content\/uploads\/2018\/01\/20171226_bozicni_koncert_11.jpg'><img loading=\"lazy\" decoding=\"async\" width=\"120\" height=\"120\" src=\"https:\/\/zupnija-lendava.si\/wp-content\/uploads\/2018\/01\/20171226_bozicni_koncert_11-120x120.jpg\" class=\"attachment-thumbnail size-thumbnail\" alt=\"\" \/><\/a>\n\t\t\t<\/dt><\/dl><dl class='gallery-item'>\n\t\t\t<dt class='gallery-icon landscape'>\n\t\t\t\t<a href='https:\/\/zupnija-lendava.si\/wp-content\/uploads\/2018\/01\/20171226_bozicni_koncert_12.jpg'><img loading=\"lazy\" decoding=\"async\" width=\"120\" height=\"120\" src=\"https:\/\/zupnija-lendava.si\/wp-content\/uploads\/2018\/01\/20171226_bozicni_koncert_12-120x120.jpg\" class=\"attachment-thumbnail size-thumbnail\" alt=\"\" \/><\/a>\n\t\t\t<\/dt><\/dl><dl class='gallery-item'>\n\t\t\t<dt class='gallery-icon landscape'>\n\t\t\t\t<a href='https:\/\/zupnija-lendava.si\/wp-content\/uploads\/2018\/01\/20171226_bozicni_koncert_13.jpg'><img loading=\"lazy\" decoding=\"async\" width=\"120\" height=\"120\" src=\"https:\/\/zupnija-lendava.si\/wp-content\/uploads\/2018\/01\/20171226_bozicni_koncert_13-120x120.jpg\" class=\"attachment-thumbnail size-thumbnail\" alt=\"\" \/><\/a>\n\t\t\t<\/dt><\/dl><dl class='gallery-item'>\n\t\t\t<dt class='gallery-icon landscape'>\n\t\t\t\t<a href='https:\/\/zupnija-lendava.si\/wp-content\/uploads\/2018\/01\/20171226_bozicni_koncert_14.jpg'><img loading=\"lazy\" decoding=\"async\" width=\"120\" height=\"120\" src=\"https:\/\/zupnija-lendava.si\/wp-content\/uploads\/2018\/01\/20171226_bozicni_koncert_14-120x120.jpg\" class=\"attachment-thumbnail size-thumbnail\" alt=\"\" \/><\/a>\n\t\t\t<\/dt><\/dl>\n\t\t\t<br style='clear: both' \/>\n\t\t<\/div>\n\n","protected":false},"excerpt":{"rendered":"<p>F\u00e9nyk\u00e9palbum c\u00edme: Kar\u00e1csonyi hangverseny D\u00e1tum: 2017. december 26-\u00e1n A lendvai pl\u00e9b\u00e1niatemplomban a MINUTIAE egy\u00fcttes adott KAR\u00c1CSONYI HANGVERSENYT. A Minutiae a Musica \u00e9nekiskola egy\u00fcttese, amelynek Robert Fegu\u0161 a m\u0171v\u00e9szeti vezet\u0151je, tagjai pedig Szlov\u00e9nia k\u00fcl\u00f6nb\u00f6z\u0151 vid\u00e9keir\u0151l sz\u00e1rmaznak. A koncerten fell\u00e9pett az ANIMA &hellip; <a href=\"https:\/\/zupnija-lendava.si\/hu\/fotogaleria-karacsonyi-hangverseny-2017\/\"><span class=\"meta-nav\">Tov\u00e1bb \u2192<\/span><\/a><\/p>\n","protected":false},"author":3,"featured_media":0,"parent":0,"menu_order":0,"comment_status":"closed","ping_status":"closed","template":"","meta":{"footnotes":""},"class_list":["post-27791","page","type-page","status-publish","hentry"],"_links":{"self":[{"href":"https:\/\/zupnija-lendava.si\/hu\/wp-json\/wp\/v2\/pages\/27791","targetHints":{"allow":["GET"]}}],"collection":[{"href":"https:\/\/zupnija-lendava.si\/hu\/wp-json\/wp\/v2\/pages"}],"about":[{"href":"https:\/\/zupnija-lendava.si\/hu\/wp-json\/wp\/v2\/types\/page"}],"author":[{"embeddable":true,"href":"https:\/\/zupnija-lendava.si\/hu\/wp-json\/wp\/v2\/users\/3"}],"replies":[{"embeddable":true,"href":"https:\/\/zupnija-lendava.si\/hu\/wp-json\/wp\/v2\/comments?post=27791"}],"version-history":[{"count":0,"href":"https:\/\/zupnija-lendava.si\/hu\/wp-json\/wp\/v2\/pages\/27791\/revisions"}],"wp:attachment":[{"href":"https:\/\/zupnija-lendava.si\/hu\/wp-json\/wp\/v2\/media?parent=27791"}],"curies":[{"name":"wp","href":"https:\/\/api.w.org\/{rel}","templated":true}]}}

FOTÓGALÉRIA: Karácsonyi hangverseny 2017

<p>Fényképalbum címe: <strong>Karácsonyi hangverseny</strong><br />
 Dátum: <strong>2017. december 26-án</strong></p>
<p>A lendvai plébániatemplomban a MINUTIAE együttes adott KARÁCSONYI HANGVERSENYT. A Minutiae a Musica énekiskola együttese, amelynek Robert Feguš a művészeti vezetője, tagjai pedig Szlovénia különböző vidékeiről származnak. A koncerten fellépett az ANIMA lendvai plébániai kórus is.</p>
<div id="tabela2">
<table style="width: 98%; background-color: #f7d9b7;" border="0">
<tbody>
<tr>
<td style="text-align: center;"><span style="font-family: verdana,geneva; font-size: 11px;">A megnyított képek között előre és hátra a <strong>billentyűzettel is mozoghatunk</strong> (bal és jobb oldali nyílak)</span></td>
</tr>
</tbody>
</table>
</div>
<div id='gallery-1' class='gallery galleryid-27791 gallery-columns-5 gallery-size-thumbnail'><dl class='gallery-item'>
			<dt class='gallery-icon landscape'>
				<a href='https://zupnija-lendava.si/wp-content/uploads/2018/01/20171226_bozicni_koncert_01.jpg'><img loading="lazy" decoding="async" width="120" height="120" src="https://zupnija-lendava.si/wp-content/uploads/2018/01/20171226_bozicni_koncert_01-120x120.jpg" class="attachment-thumbnail size-thumbnail" alt="" /></a>
			</dt></dl><dl class='gallery-item'>
			<dt class='gallery-icon landscape'>
				<a href='https://zupnija-lendava.si/wp-content/uploads/2018/01/20171226_bozicni_koncert_02.jpg'><img loading="lazy" decoding="async" width="120" height="120" src="https://zupnija-lendava.si/wp-content/uploads/2018/01/20171226_bozicni_koncert_02-120x120.jpg" class="attachment-thumbnail size-thumbnail" alt="" /></a>
			</dt></dl><dl class='gallery-item'>
			<dt class='gallery-icon landscape'>
				<a href='https://zupnija-lendava.si/wp-content/uploads/2018/01/20171226_bozicni_koncert_03.jpg'><img loading="lazy" decoding="async" width="120" height="120" src="https://zupnija-lendava.si/wp-content/uploads/2018/01/20171226_bozicni_koncert_03-120x120.jpg" class="attachment-thumbnail size-thumbnail" alt="" /></a>
			</dt></dl><dl class='gallery-item'>
			<dt class='gallery-icon landscape'>
				<a href='https://zupnija-lendava.si/wp-content/uploads/2018/01/20171226_bozicni_koncert_04.jpg'><img loading="lazy" decoding="async" width="120" height="120" src="https://zupnija-lendava.si/wp-content/uploads/2018/01/20171226_bozicni_koncert_04-120x120.jpg" class="attachment-thumbnail size-thumbnail" alt="" /></a>
			</dt></dl><dl class='gallery-item'>
			<dt class='gallery-icon landscape'>
				<a href='https://zupnija-lendava.si/wp-content/uploads/2018/01/20171226_bozicni_koncert_05.jpg'><img loading="lazy" decoding="async" width="120" height="120" src="https://zupnija-lendava.si/wp-content/uploads/2018/01/20171226_bozicni_koncert_05-120x120.jpg" class="attachment-thumbnail size-thumbnail" alt="" /></a>
			</dt></dl><br style="clear: both" /><dl class='gallery-item'>
			<dt class='gallery-icon landscape'>
				<a href='https://zupnija-lendava.si/wp-content/uploads/2018/01/20171226_bozicni_koncert_06.jpg'><img loading="lazy" decoding="async" width="120" height="120" src="https://zupnija-lendava.si/wp-content/uploads/2018/01/20171226_bozicni_koncert_06-120x120.jpg" class="attachment-thumbnail size-thumbnail" alt="" /></a>
			</dt></dl><dl class='gallery-item'>
			<dt class='gallery-icon landscape'>
				<a href='https://zupnija-lendava.si/wp-content/uploads/2018/01/20171226_bozicni_koncert_07.jpg'><img loading="lazy" decoding="async" width="120" height="120" src="https://zupnija-lendava.si/wp-content/uploads/2018/01/20171226_bozicni_koncert_07-120x120.jpg" class="attachment-thumbnail size-thumbnail" alt="" /></a>
			</dt></dl><dl class='gallery-item'>
			<dt class='gallery-icon landscape'>
				<a href='https://zupnija-lendava.si/wp-content/uploads/2018/01/20171226_bozicni_koncert_08.jpg'><img loading="lazy" decoding="async" width="120" height="120" src="https://zupnija-lendava.si/wp-content/uploads/2018/01/20171226_bozicni_koncert_08-120x120.jpg" class="attachment-thumbnail size-thumbnail" alt="" /></a>
			</dt></dl><dl class='gallery-item'>
			<dt class='gallery-icon landscape'>
				<a href='https://zupnija-lendava.si/wp-content/uploads/2018/01/20171226_bozicni_koncert_09.jpg'><img loading="lazy" decoding="async" width="120" height="120" src="https://zupnija-lendava.si/wp-content/uploads/2018/01/20171226_bozicni_koncert_09-120x120.jpg" class="attachment-thumbnail size-thumbnail" alt="" /></a>
			</dt></dl><dl class='gallery-item'>
			<dt class='gallery-icon landscape'>
				<a href='https://zupnija-lendava.si/wp-content/uploads/2018/01/20171226_bozicni_koncert_10.jpg'><img loading="lazy" decoding="async" width="120" height="120" src="https://zupnija-lendava.si/wp-content/uploads/2018/01/20171226_bozicni_koncert_10-120x120.jpg" class="attachment-thumbnail size-thumbnail" alt="" /></a>
			</dt></dl><br style="clear: both" /><dl class='gallery-item'>
			<dt class='gallery-icon landscape'>
				<a href='https://zupnija-lendava.si/wp-content/uploads/2018/01/20171226_bozicni_koncert_11.jpg'><img loading="lazy" decoding="async" width="120" height="120" src="https://zupnija-lendava.si/wp-content/uploads/2018/01/20171226_bozicni_koncert_11-120x120.jpg" class="attachment-thumbnail size-thumbnail" alt="" /></a>
			</dt></dl><dl class='gallery-item'>
			<dt class='gallery-icon landscape'>
				<a href='https://zupnija-lendava.si/wp-content/uploads/2018/01/20171226_bozicni_koncert_12.jpg'><img loading="lazy" decoding="async" width="120" height="120" src="https://zupnija-lendava.si/wp-content/uploads/2018/01/20171226_bozicni_koncert_12-120x120.jpg" class="attachment-thumbnail size-thumbnail" alt="" /></a>
			</dt></dl><dl class='gallery-item'>
			<dt class='gallery-icon landscape'>
				<a href='https://zupnija-lendava.si/wp-content/uploads/2018/01/20171226_bozicni_koncert_13.jpg'><img loading="lazy" decoding="async" width="120" height="120" src="https://zupnija-lendava.si/wp-content/uploads/2018/01/20171226_bozicni_koncert_13-120x120.jpg" class="attachment-thumbnail size-thumbnail" alt="" /></a>
			</dt></dl><dl class='gallery-item'>
			<dt class='gallery-icon landscape'>
				<a href='https://zupnija-lendava.si/wp-content/uploads/2018/01/20171226_bozicni_koncert_14.jpg'><img loading="lazy" decoding="async" width="120" height="120" src="https://zupnija-lendava.si/wp-content/uploads/2018/01/20171226_bozicni_koncert_14-120x120.jpg" class="attachment-thumbnail size-thumbnail" alt="" /></a>
			</dt></dl>
			<br style='clear: both' />
		</div>

<p>Fényképalbum címe: Karácsonyi hangverseny Dátum: 2017. december 26-án A lendvai plébániatemplomban a MINUTIAE együttes adott KARÁCSONYI HANGVERSENYT. A Minutiae a Musica énekiskola együttese, amelynek Robert Feguš a művészeti vezetője, tagjai pedig Szlovénia különböző vidékeiről származnak. A koncerten fellépett az ANIMA &hellip; <a href="https://zupnija-lendava.si/hu/fotogaleria-karacsonyi-hangverseny-2017/"><span class="meta-nav">Tovább →</span></a></p>
