{"id":27547,"date":"2015-06-20T11:26:17","date_gmt":"2015-06-20T09:26:17","guid":{"rendered":"http:\/\/zupnija-lendava.si\/szentharomsag-templom-es-hadik-mihaly-mumiaja\/"},"modified":"2021-09-11T09:47:31","modified_gmt":"2021-09-11T07:47:31","slug":"templomaink-szentharomsag-templom-es-hadik-mihaly-mumiaja","status":"publish","type":"page","link":"https:\/\/zupnija-lendava.si\/hu\/templomaink-szentharomsag-templom-es-hadik-mihaly-mumiaja\/","title":{"rendered":"TEMPLOMAINK: Szenth\u00e1roms\u00e1g templom \u00e9s Hadik Mih\u00e1ly m\u00fami\u00e1ja"},"content":{"rendered":"<p><strong><img loading=\"lazy\" decoding=\"async\" class=\"alignnone size-full wp-image-29965\" src=\"http:\/\/zupnija-lendava.si\/wp-content\/uploads\/2015\/06\/naslov_cerkev_sv_trojica.jpg\" alt=\"naslov_cerkev_sv_trojica\" width=\"710\" height=\"150\" srcset=\"https:\/\/zupnija-lendava.si\/wp-content\/uploads\/2015\/06\/naslov_cerkev_sv_trojica.jpg 710w, https:\/\/zupnija-lendava.si\/wp-content\/uploads\/2015\/06\/naslov_cerkev_sv_trojica-300x63.jpg 300w, https:\/\/zupnija-lendava.si\/wp-content\/uploads\/2015\/06\/naslov_cerkev_sv_trojica-50x11.jpg 50w\" sizes=\"auto, (max-width: 710px) 100vw, 710px\" \/><\/strong><\/p>\n<p><strong><img loading=\"lazy\" decoding=\"async\" class=\"alignnone size-medium\" src=\"https:\/\/zupnija-lendava.si\/wp-content\/plugins\/sitepress-multilingual-cms\/res\/flags\/hu.png\" width=\"18\" height=\"12\" \/> MAGYAR:<\/strong><\/p>\n<p>Amikor a muravid\u00e9ki s\u00edks\u00e1got \u00e1tszelve Maribor ir\u00e1ny\u00e1b\u00f3l Muraszombat fel\u00e9 vagy Varasd ir\u00e1ny\u00e1b\u00f3l Cs\u00e1ktornya fel\u00e9 haladsz, illetve Budapestr\u0151l Nagykanizsa fel\u00e9 tartasz \u00e9s utadat Lendv\u00e1ig folytatod, m\u00e1r eg\u00e9szen t\u00e1volr\u00f3l sz\u0151l\u0151\u00fcltetv\u00e9nyekkel teli dombok k\u00f6sz\u00f6ntenek r\u00e1d.<\/p>\n<p>A sz\u0151l\u0151lank\u00e1k t\u00f6v\u00e9b\u0151l <em>egy \u0151sr\u00e9gi kis templom<\/em> magasodik az \u00e9g fel\u00e9. A templom v\u00e9d\u0151szentje a <strong>Szenth\u00e1roms\u00e1g<\/strong>: az egy, \u00e9l\u0151 \u00e9s igaz Isten miszt\u00e9riuma, az Atya, a Fi\u00fa \u00e9s a Szentl\u00e9lek.<\/p>\n<hr \/>\n<p>Ezen a dombon t\u00f6bb mint n\u00e9gy \u00e9vsz\u00e1zada templom \u00e1ll, amely a telep\u00fcl\u00e9s \u0151seinek gazdag t\u00f6rt\u00e9nelm\u00e9r\u0151l \u00e9s hitvall\u00e1s\u00e1r\u00f3l tan\u00faskodik.<\/p>\n<hr \/>\n<p>A temet\u0151k kin\u00e9zete \u00e9s a holtakhoz val\u00f3 viszonyul\u00e1s mindig egy adott nemzet t\u00fckre. Egy ilyen a Szenth\u00e1roms\u00e1g-templomot k\u00f6r\u00fclvev\u0151 temet\u0151 is, amely Lendva K\u00f6zs\u00e9g <strong><em>legr\u00e9gebbi temetkez\u00e9si helye<\/em><\/strong>. A templom alatt tal\u00e1lhat\u00f3 kript\u00e1k a v\u00e1ros t\u00f6rt\u00e9nelm\u00e9t megalapoz\u00f3 \u0151seink holttest\u00e9t \u0151rzik.<\/p>\n<p><a href=\"https:\/\/zupnija-lendava.si\/wp-content\/uploads\/2015\/06\/mumija_hadik_prozoren.png\" data-lbwps-width=\"800\" data-lbwps-height=\"305\" data-lbwps-srcsmall=\"https:\/\/zupnija-lendava.si\/wp-content\/uploads\/2015\/06\/mumija_hadik_prozoren-300x114.png\"><img loading=\"lazy\" decoding=\"async\" class=\"alignnone wp-image-29963\" src=\"https:\/\/zupnija-lendava.si\/wp-content\/uploads\/2015\/06\/mumija_hadik_prozoren.png\" alt=\"mumija_hadik_prozoren\" width=\"710\" height=\"271\" srcset=\"https:\/\/zupnija-lendava.si\/wp-content\/uploads\/2015\/06\/mumija_hadik_prozoren.png 800w, https:\/\/zupnija-lendava.si\/wp-content\/uploads\/2015\/06\/mumija_hadik_prozoren-300x114.png 300w, https:\/\/zupnija-lendava.si\/wp-content\/uploads\/2015\/06\/mumija_hadik_prozoren-50x19.png 50w\" sizes=\"auto, (max-width: 710px) 100vw, 710px\" \/><\/a><\/p>\n<p>A t\u00f6bb \u00e9vvel ezel\u0151tt v\u00e9gzett kutat\u00e1sok sor\u00e1n a kript\u00e1ban csod\u00e1latos faragott kopors\u00f3ra bukkantak, amelyen a k\u00f6vetkez\u0151 felirat \u00e1ll:<\/p>\n<p style=\"text-align: center;\"><strong>S.A.C.G.D. MIHAEL HADIK S.C.R. CAPITANUS <\/strong><br \/>\n<strong>MDCIII<\/strong><br \/>\n(Hadik Mih\u00e1ly kopors\u00f3ja 1733-b\u00f3l)<\/p>\n<hr \/>\n<p>\u00c9rdemes megtekinteni ezt a \u201eterm\u00e9szetes m\u00fami\u00e1t\u201d, amely Lendva v\u00e1ros gazdag t\u00f6rt\u00e9nelmi m\u00faltj\u00e1nak egyik \u00e9kk\u00f6ve.<em> A m\u00fami\u00e1t jelenleg a budapesti restaur\u00e1torok effajta leletekre szakosodott csoportja kutatja.<\/em><\/p>\n<hr \/>\n<p>A Szenth\u00e1roms\u00e1g-templom l\u00e1togat\u00e1sa \u00e9s a m\u00famia megtekint\u00e9se alatt a restaur\u00e1tori munk\u00e1latokr\u00f3l egy r\u00f6vid dokumentumfilmet is bemutatunk.<\/p>\n<hr \/>\n<p>A domb, amelyen a templom \u00e1ll, Lendva felett ter\u00fcl el \u00e9s ez\u00e1ltal csod\u00e1latos kil\u00e1t\u00e1si pontot ny\u00fajt h\u00e1rom orsz\u00e1g ir\u00e1ny\u00e1ba, m\u00e9gpedig Horv\u00e1torsz\u00e1gba, Magyarorsz\u00e1gra \u00e9s Ausztri\u00e1ba.<\/p>\n<table style=\"width: 100%; background-color: #f6bd7f;\" border=\"0\">\n<tbody>\n<tr>\n<td style=\"text-align: center;\">A templom \u00e9s a m\u00famia megtekint\u00e9se a k\u00f6vetkez\u0151 telefonsz\u00e1mon val\u00f3 el\u0151zetes egyeztet\u00e9s alapj\u00e1n lehets\u00e9ges: <strong>040 349 613<\/strong><\/td>\n<\/tr>\n<\/tbody>\n<\/table>\n<p><iframe loading=\"lazy\" src=\"https:\/\/www.facebook.com\/plugins\/post.php?href=https%3A%2F%2Fwww.facebook.com%2FLendavaZupnija%2Fposts%2F298845978363470&amp;width=710&amp;show_text=true&amp;height=710&amp;appId\" width=\"710\" height=\"710\" frameborder=\"0\" scrolling=\"no\" allowfullscreen=\"allowfullscreen\"><span style=\"display: inline-block; width: 0px; overflow: hidden; line-height: 0;\" data-mce-type=\"bookmark\" class=\"mce_SELRES_start\">\ufeff<\/span><\/iframe><\/p>\n<hr \/>\n<p><strong> <img loading=\"lazy\" decoding=\"async\" class=\"alignnone size-medium\" src=\"https:\/\/zupnija-lendava.si\/wp-content\/plugins\/sitepress-multilingual-cms\/res\/flags\/de.png\" width=\"18\" height=\"12\" \/> DEUTSCH:<\/strong><\/p>\n<p>Auf deiner Fahrt durch die Pomurska Tiefebenen (slowenisch: Pomurska ravnina) aus der Richtung von Maribor nach Murska Sobota, von Vara\u017edin nach \u010cakovec, oder von Budapest nach Nagykanizsa f\u00fchrt dich dein Weg nach Lendava. Von Weitem kannst du schon die mit Weinreben bepflanzten H\u00fcgel sehen und mitten in den Weing\u00e4rten eine antike Kirche. Sie wurde der <strong>Heiligen Dreifaltigkeit<\/strong> geweiht \u2013Gott der Vater\/der Sch\u00f6pfer, Gott der Sohn\/ Jesu Christi und Gott der Heilige Geist\/ Pfingsten.<\/p>\n<hr \/>\n<p>Dort auf dem H\u00fcgel steht sie schon mehr als vier Jahrhunderte und ist ein Ausdruck der Geschichte und des Glaubens unserer Vorfahren.<\/p>\n<hr \/>\n<p>Die Friedh\u00f6fe und die Beziehung zu den Verstorbenen sind immer ein Licht des Volkes. So auch der Friedhof, der die Kirche zur Heiligen Dreifaltigkeit umgibt und damit der <em><strong>\u00e4lteste Friedhof<\/strong><\/em> in der Gemeinde Lendava ist. Gleichzeitig stellt er eine Sehensw\u00fcrdigkeit auf dem H\u00fcgel dar, mit einer Krypta unter der Kirche, in der ehrenwerte Vorfahren begraben liegen.<\/p>\n<p>In den vor Jahren get\u00e4tigten Studien wurde in der Krypta ein herrlicher geschnitzter Sarg entdeckt. Auf dem Sargdeckel steht geschrieben:<\/p>\n<p style=\"text-align: center;\"><strong>S.A.C.G.D. MIHAEL HADIK S.C.R. CAPITANUS <\/strong><br \/>\n<strong> MDCIII<\/strong><br \/>\n(Sarg von Mihael Hadik aus dem Jahre 1733)<\/p>\n<hr \/>\n<p>Sehenswert ist auch die \u00bbnat\u00fcrliche Mumie\u00ab, der Reiz der vergangenen Geschichte der Stadt Lendava. An dieser Mumie werden im Augenblick Studien von, auf Mumien spezialisierten, Budapester Restauratoren durchgef\u00fchrt.<\/p>\n<hr \/>\n<p>Beim Besuch der Kirche zur Heiligen Dreifaltigkeit und bei der Besichtigung der Mumie wird ein kurzer Dokumentarfilm \u00fcber die Restaurationsarbeiten an der Mumie gezeigt.<br \/>\nDer H\u00fcgel mit der Kirche \u00fcber Lendava bietet einen herrlichen Aussichtspunkt, von dem man drei L\u00e4nder beobachten kann: Kroatien, Ungarn und \u00d6sterreich.<\/p>\n<table style=\"width: 100%; background-color: #f6bd7f;\" border=\"0\">\n<tbody>\n<tr>\n<td style=\"text-align: center;\">Zur Besichtigung der Kirche und der Mumie wird um Voranmeldung gebeten.<br \/>\nKontaktnummer: <strong>00386 40 349 613<\/strong><\/td>\n<\/tr>\n<\/tbody>\n<\/table>\n","protected":false},"excerpt":{"rendered":"<p>MAGYAR: Amikor a muravid\u00e9ki s\u00edks\u00e1got \u00e1tszelve Maribor ir\u00e1ny\u00e1b\u00f3l Muraszombat fel\u00e9 vagy Varasd ir\u00e1ny\u00e1b\u00f3l Cs\u00e1ktornya fel\u00e9 haladsz, illetve Budapestr\u0151l Nagykanizsa fel\u00e9 tartasz \u00e9s utadat Lendv\u00e1ig folytatod, m\u00e1r eg\u00e9szen t\u00e1volr\u00f3l sz\u0151l\u0151\u00fcltetv\u00e9nyekkel teli dombok k\u00f6sz\u00f6ntenek r\u00e1d. A sz\u0151l\u0151lank\u00e1k t\u00f6v\u00e9b\u0151l egy \u0151sr\u00e9gi kis templom &hellip; <a href=\"https:\/\/zupnija-lendava.si\/hu\/templomaink-szentharomsag-templom-es-hadik-mihaly-mumiaja\/\"><span class=\"meta-nav\">Tov\u00e1bb \u2192<\/span><\/a><\/p>\n","protected":false},"author":3,"featured_media":29963,"parent":0,"menu_order":0,"comment_status":"closed","ping_status":"closed","template":"","meta":{"footnotes":""},"class_list":["post-27547","page","type-page","status-publish","has-post-thumbnail","hentry"],"_links":{"self":[{"href":"https:\/\/zupnija-lendava.si\/hu\/wp-json\/wp\/v2\/pages\/27547","targetHints":{"allow":["GET"]}}],"collection":[{"href":"https:\/\/zupnija-lendava.si\/hu\/wp-json\/wp\/v2\/pages"}],"about":[{"href":"https:\/\/zupnija-lendava.si\/hu\/wp-json\/wp\/v2\/types\/page"}],"author":[{"embeddable":true,"href":"https:\/\/zupnija-lendava.si\/hu\/wp-json\/wp\/v2\/users\/3"}],"replies":[{"embeddable":true,"href":"https:\/\/zupnija-lendava.si\/hu\/wp-json\/wp\/v2\/comments?post=27547"}],"version-history":[{"count":0,"href":"https:\/\/zupnija-lendava.si\/hu\/wp-json\/wp\/v2\/pages\/27547\/revisions"}],"wp:featuredmedia":[{"embeddable":true,"href":"https:\/\/zupnija-lendava.si\/hu\/wp-json\/wp\/v2\/media\/29963"}],"wp:attachment":[{"href":"https:\/\/zupnija-lendava.si\/hu\/wp-json\/wp\/v2\/media?parent=27547"}],"curies":[{"name":"wp","href":"https:\/\/api.w.org\/{rel}","templated":true}]}}

TEMPLOMAINK: Szentháromság templom és Hadik Mihály múmiája

<p><strong><img loading="lazy" decoding="async" class="alignnone size-full wp-image-29965" src="http://zupnija-lendava.si/wp-content/uploads/2015/06/naslov_cerkev_sv_trojica.jpg" alt="naslov_cerkev_sv_trojica" width="710" height="150" srcset="https://zupnija-lendava.si/wp-content/uploads/2015/06/naslov_cerkev_sv_trojica.jpg 710w, https://zupnija-lendava.si/wp-content/uploads/2015/06/naslov_cerkev_sv_trojica-300x63.jpg 300w, https://zupnija-lendava.si/wp-content/uploads/2015/06/naslov_cerkev_sv_trojica-50x11.jpg 50w" sizes="auto, (max-width: 710px) 100vw, 710px" /></strong></p>
<p><strong><img loading="lazy" decoding="async" class="alignnone size-medium" src="https://zupnija-lendava.si/wp-content/plugins/sitepress-multilingual-cms/res/flags/hu.png" width="18" height="12" /> MAGYAR:</strong></p>
<p>Amikor a muravidéki síkságot átszelve Maribor irányából Muraszombat felé vagy Varasd irányából Csáktornya felé haladsz, illetve Budapestről Nagykanizsa felé tartasz és utadat Lendváig folytatod, már egészen távolról szőlőültetvényekkel teli dombok köszöntenek rád.</p>
<p>A szőlőlankák tövéből <em>egy ősrégi kis templom</em> magasodik az ég felé. A templom védőszentje a <strong>Szentháromság</strong>: az egy, élő és igaz Isten misztériuma, az Atya, a Fiú és a Szentlélek.</p>
<hr />
<p>Ezen a dombon több mint négy évszázada templom áll, amely a település őseinek gazdag történelméről és hitvallásáról tanúskodik.</p>
<hr />
<p>A temetők kinézete és a holtakhoz való viszonyulás mindig egy adott nemzet tükre. Egy ilyen a Szentháromság-templomot körülvevő temető is, amely Lendva Község <strong><em>legrégebbi temetkezési helye</em></strong>. A templom alatt található kripták a város történelmét megalapozó őseink holttestét őrzik.</p>
<p><a href="https://zupnija-lendava.si/wp-content/uploads/2015/06/mumija_hadik_prozoren.png" data-lbwps-width="800" data-lbwps-height="305" data-lbwps-srcsmall="https://zupnija-lendava.si/wp-content/uploads/2015/06/mumija_hadik_prozoren-300x114.png"><img loading="lazy" decoding="async" class="alignnone wp-image-29963" src="https://zupnija-lendava.si/wp-content/uploads/2015/06/mumija_hadik_prozoren.png" alt="mumija_hadik_prozoren" width="710" height="271" srcset="https://zupnija-lendava.si/wp-content/uploads/2015/06/mumija_hadik_prozoren.png 800w, https://zupnija-lendava.si/wp-content/uploads/2015/06/mumija_hadik_prozoren-300x114.png 300w, https://zupnija-lendava.si/wp-content/uploads/2015/06/mumija_hadik_prozoren-50x19.png 50w" sizes="auto, (max-width: 710px) 100vw, 710px" /></a></p>
<p>A több évvel ezelőtt végzett kutatások során a kriptában csodálatos faragott koporsóra bukkantak, amelyen a következő felirat áll:</p>
<p style="text-align: center;"><strong>S.A.C.G.D. MIHAEL HADIK S.C.R. CAPITANUS </strong><br />
<strong>MDCIII</strong><br />
(Hadik Mihály koporsója 1733-ból)</p>
<hr />
<p>Érdemes megtekinteni ezt a „természetes múmiát”, amely Lendva város gazdag történelmi múltjának egyik ékköve.<em> A múmiát jelenleg a budapesti restaurátorok effajta leletekre szakosodott csoportja kutatja.</em></p>
<hr />
<p>A Szentháromság-templom látogatása és a múmia megtekintése alatt a restaurátori munkálatokról egy rövid dokumentumfilmet is bemutatunk.</p>
<hr />
<p>A domb, amelyen a templom áll, Lendva felett terül el és ezáltal csodálatos kilátási pontot nyújt három ország irányába, mégpedig Horvátországba, Magyarországra és Ausztriába.</p>
<table style="width: 100%; background-color: #f6bd7f;" border="0">
<tbody>
<tr>
<td style="text-align: center;">A templom és a múmia megtekintése a következő telefonszámon való előzetes egyeztetés alapján lehetséges: <strong>040 349 613</strong></td>
</tr>
</tbody>
</table>
<p><iframe loading="lazy" src="https://www.facebook.com/plugins/post.php?href=https%3A%2F%2Fwww.facebook.com%2FLendavaZupnija%2Fposts%2F298845978363470&amp;width=710&amp;show_text=true&amp;height=710&amp;appId" width="710" height="710" frameborder="0" scrolling="no" allowfullscreen="allowfullscreen"><span style="display: inline-block; width: 0px; overflow: hidden; line-height: 0;" data-mce-type="bookmark" class="mce_SELRES_start">﻿</span></iframe></p>
<hr />
<p><strong> <img loading="lazy" decoding="async" class="alignnone size-medium" src="https://zupnija-lendava.si/wp-content/plugins/sitepress-multilingual-cms/res/flags/de.png" width="18" height="12" /> DEUTSCH:</strong></p>
<p>Auf deiner Fahrt durch die Pomurska Tiefebenen (slowenisch: Pomurska ravnina) aus der Richtung von Maribor nach Murska Sobota, von Varaždin nach Čakovec, oder von Budapest nach Nagykanizsa führt dich dein Weg nach Lendava. Von Weitem kannst du schon die mit Weinreben bepflanzten Hügel sehen und mitten in den Weingärten eine antike Kirche. Sie wurde der <strong>Heiligen Dreifaltigkeit</strong> geweiht –Gott der Vater/der Schöpfer, Gott der Sohn/ Jesu Christi und Gott der Heilige Geist/ Pfingsten.</p>
<hr />
<p>Dort auf dem Hügel steht sie schon mehr als vier Jahrhunderte und ist ein Ausdruck der Geschichte und des Glaubens unserer Vorfahren.</p>
<hr />
<p>Die Friedhöfe und die Beziehung zu den Verstorbenen sind immer ein Licht des Volkes. So auch der Friedhof, der die Kirche zur Heiligen Dreifaltigkeit umgibt und damit der <em><strong>älteste Friedhof</strong></em> in der Gemeinde Lendava ist. Gleichzeitig stellt er eine Sehenswürdigkeit auf dem Hügel dar, mit einer Krypta unter der Kirche, in der ehrenwerte Vorfahren begraben liegen.</p>
<p>In den vor Jahren getätigten Studien wurde in der Krypta ein herrlicher geschnitzter Sarg entdeckt. Auf dem Sargdeckel steht geschrieben:</p>
<p style="text-align: center;"><strong>S.A.C.G.D. MIHAEL HADIK S.C.R. CAPITANUS </strong><br />
<strong> MDCIII</strong><br />
(Sarg von Mihael Hadik aus dem Jahre 1733)</p>
<hr />
<p>Sehenswert ist auch die »natürliche Mumie«, der Reiz der vergangenen Geschichte der Stadt Lendava. An dieser Mumie werden im Augenblick Studien von, auf Mumien spezialisierten, Budapester Restauratoren durchgeführt.</p>
<hr />
<p>Beim Besuch der Kirche zur Heiligen Dreifaltigkeit und bei der Besichtigung der Mumie wird ein kurzer Dokumentarfilm über die Restaurationsarbeiten an der Mumie gezeigt.<br />
Der Hügel mit der Kirche über Lendava bietet einen herrlichen Aussichtspunkt, von dem man drei Länder beobachten kann: Kroatien, Ungarn und Österreich.</p>
<table style="width: 100%; background-color: #f6bd7f;" border="0">
<tbody>
<tr>
<td style="text-align: center;">Zur Besichtigung der Kirche und der Mumie wird um Voranmeldung gebeten.<br />
Kontaktnummer: <strong>00386 40 349 613</strong></td>
</tr>
</tbody>
</table>

<p>MAGYAR: Amikor a muravidéki síkságot átszelve Maribor irányából Muraszombat felé vagy Varasd irányából Csáktornya felé haladsz, illetve Budapestről Nagykanizsa felé tartasz és utadat Lendváig folytatod, már egészen távolról szőlőültetvényekkel teli dombok köszöntenek rád. A szőlőlankák tövéből egy ősrégi kis templom &hellip; <a href="https://zupnija-lendava.si/hu/templomaink-szentharomsag-templom-es-hadik-mihaly-mumiaja/"><span class="meta-nav">Tovább →</span></a></p>
