{"id":27351,"date":"2012-04-07T22:18:31","date_gmt":"2012-04-07T20:18:31","guid":{"rendered":"http:\/\/zupnija-lendava.si\/fotogaleria-oratorium-2011-1-nap\/"},"modified":"2012-04-07T22:18:31","modified_gmt":"2012-04-07T20:18:31","slug":"fotogaleria-oratorium-2011-1-nap","status":"publish","type":"page","link":"https:\/\/zupnija-lendava.si\/hu\/fotogaleria-oratorium-2011-1-nap\/","title":{"rendered":"FOT\u00d3GAL\u00c9RIA: Orat\u00f3rium 2011 &#8211; 1. nap"},"content":{"rendered":"<p>&nbsp;<\/p>\n","protected":false},"excerpt":{"rendered":"<p>&nbsp;<\/p>\n","protected":false},"author":3,"featured_media":0,"parent":0,"menu_order":0,"comment_status":"closed","ping_status":"closed","template":"","meta":{"footnotes":""},"class_list":["post-27351","page","type-page","status-publish","hentry"],"_links":{"self":[{"href":"https:\/\/zupnija-lendava.si\/hu\/wp-json\/wp\/v2\/pages\/27351","targetHints":{"allow":["GET"]}}],"collection":[{"href":"https:\/\/zupnija-lendava.si\/hu\/wp-json\/wp\/v2\/pages"}],"about":[{"href":"https:\/\/zupnija-lendava.si\/hu\/wp-json\/wp\/v2\/types\/page"}],"author":[{"embeddable":true,"href":"https:\/\/zupnija-lendava.si\/hu\/wp-json\/wp\/v2\/users\/3"}],"replies":[{"embeddable":true,"href":"https:\/\/zupnija-lendava.si\/hu\/wp-json\/wp\/v2\/comments?post=27351"}],"version-history":[{"count":0,"href":"https:\/\/zupnija-lendava.si\/hu\/wp-json\/wp\/v2\/pages\/27351\/revisions"}],"wp:attachment":[{"href":"https:\/\/zupnija-lendava.si\/hu\/wp-json\/wp\/v2\/media?parent=27351"}],"curies":[{"name":"wp","href":"https:\/\/api.w.org\/{rel}","templated":true}]}}

FOTÓGALÉRIA: Oratórium 2011 &#8211; 1. nap
